{"id":52,"date":"2012-01-16T02:41:00","date_gmt":"2012-01-16T02:41:00","guid":{"rendered":"https:\/\/pousadadompedro.com.br\/pousada\/?page_id=52"},"modified":"2020-12-16T12:29:34","modified_gmt":"2020-12-16T15:29:34","slug":"sobre-petropolis","status":"publish","type":"page","link":"https:\/\/pousadadompedro.com.br\/pousada\/sobre-petropolis\/","title":{"rendered":"Petr\u00f3polis"},"content":{"rendered":"<p><strong>O que fazer em Petr\u00f3polis?<\/strong><\/p>\n<p>Com um dos melhores climas da Am\u00e9rica Latina e apenas 60km de dist\u00e2ncia do Rio de Janeiro, Petr\u00f3polis re\u00fane natureza exuberante e precioso acervo cultural e hist\u00f3rico de nosso Pais, desde sua descoberta!<br \/>\nAs belezas naturais que a cidade reserva a seus visitantes, j\u00e1 se iniciam no percurso de chegada \u00e0 cidade, com as bel\u00edssimas vistas de mata Atl\u00e2ntida que se pode avistar na serra de subida, a famosa Rio x Petr\u00f3polis, uma das mais belas estradas que cortam o Rio de Janeiro.<br \/>\nA chegada \u00e0 cidade tamb\u00e9m j\u00e1 encanta qualquer visitante: isto porque ali se situa o famoso Hotel Quitandinha, atualmente \u201cSesc Quitandinha\u201d com sua hist\u00f3ria e exuber\u00e2ncia arquitet\u00f4nica e seu bel\u00edssimo lago, que tem o formato do mapa do Brasil.<br \/>\nNa outra via de entrada da cidade, o Bingen, ja se tem o primeiro polo de compras da cidade, que pode ser uma op\u00e7\u00e3o imperd\u00edvel para quem revisita a cidade.<br \/>\nE as belezas e pontos tur\u00edsticos se sucedem, preenchendo todo o fim de semana, com beleza, cultura, hist\u00f3ria e a melhor gastronomia do Rio de Janeiro, que pode ser deliciada em nosso restaurante, o <strong><a href=\"http:\/\/www.princesaisabelgourmet.com.br\/\" target=\"_blank\" rel=\"noopener\">Princesa Isabel Gourmet<\/a>.<\/strong><br \/>\nVisite Petr\u00f3polis e encante-se com dezenas de pontos tur\u00edsticos imperd\u00edveis e hospede-se em na <strong>Pousada Princesa Isabel Dom Pedro<\/strong> ou na <a href=\"https:\/\/pousadaprincesaisabel.com.br\/pousada\/\" target=\"_blank\" rel=\"noopener\"><strong>Pousada Princesa Isabel Visconde<\/strong><\/a>, ou na\u00a0 <strong><a href=\"https:\/\/pousadaprincesaisabel.com.br\/ruateresa\" target=\"_blank\" rel=\"noopener\">Pousada Princesa Isabel Rua Teresa<\/a>.<\/strong><br \/>\nEsperamos desde j\u00e1 a sua visita ou volta, seja muito bem vindo!<\/p>\n<p>&nbsp;<\/p>\n<p><strong>Pontos Tur\u00edsticos de Petr\u00f3polis<\/strong><\/p>\n\r\n\t\t<style type='text\/css'>\r\n\t\t\t#gallery-1 {\r\n\t\t\t\tmargin: auto;\r\n\t\t\t}\r\n\t\t\t#gallery-1 .gallery-item {\r\n\t\t\t\tfloat: left;\r\n\t\t\t\tmargin-top: 10px;\r\n\t\t\t\ttext-align: center;\r\n\t\t\t\twidth: 33%;\r\n\t\t\t}\r\n\t\t\t#gallery-1 img {\r\n\t\t\t\tborder: 2px solid #cfcfcf;\r\n\t\t\t}\r\n\t\t\t#gallery-1 .gallery-caption {\r\n\t\t\t\tmargin-left: 0;\r\n\t\t\t}\r\n\t\t<\/style>\r\n\t\t<!-- see gallery_shortcode() in wp-includes\/media.php -->\n\t\t<div id='gallery-1' class='gallery galleryid-52 gallery-columns-3 gallery-size-thumbnail gallery1'><script type=\"text\/javascript\">\r\n\/\/ <![CDATA[\r\n\tjQuery(document).ready(function () {\r\n\t\tjQuery(\".gallery1 a\").attr(\"rel\",\"gallery1\");\t\r\n\t\tjQuery('a[rel=\"gallery1\"]').colorbox({maxWidth:\"95%\", maxHeight:\"95%\",title: function(){ return jQuery(this).children().attr(\"alt\"); }, });\r\n\t});\r\n\/\/ ]]>\r\n<\/script>\n<dl class=\"gallery-item\">\n<dt class=\"gallery-icon\">\r\n<a href=\"https:\/\/pousadadompedro.com.br\/pousada\/wp-content\/uploads\/2020\/12\/belvedere.jpg\" title=\"\" rel=\"gallery1\" data-rel=\"lightbox-image-0\" data-rl_title=\"\" data-rl_caption=\"\"><img loading=\"lazy\" decoding=\"async\" src=\"https:\/\/pousadadompedro.com.br\/pousada\/wp-content\/uploads\/2020\/12\/belvedere-150x150.jpg\" width=\"150\" height=\"150\" alt=\"Belvedere\" \/><\/a>\r\n<\/dt><dd class=\"gallery-caption\" id=\"caption1185\"><span class=\"imagecaption\">Belvedere<\/span><br \/>\n<span class=\"imagedescription\">Belvedere<\/span><br \/>\n<\/dd><\/dl><dl class=\"gallery-item\">\n<dt class=\"gallery-icon\">\r\n<a href=\"https:\/\/pousadadompedro.com.br\/pousada\/wp-content\/uploads\/2020\/12\/casa-do-colono.jpg\" title=\"\" rel=\"gallery1\" data-rel=\"lightbox-image-1\" data-rl_title=\"\" data-rl_caption=\"\"><img loading=\"lazy\" decoding=\"async\" src=\"https:\/\/pousadadompedro.com.br\/pousada\/wp-content\/uploads\/2020\/12\/casa-do-colono-150x150.jpg\" width=\"150\" height=\"150\" alt=\"Casa do Colono\" \/><\/a>\r\n<\/dt><dd class=\"gallery-caption\" id=\"caption1186\"><span class=\"imagecaption\">Casa do Colono<\/span><br \/>\n<span class=\"imagedescription\">Casa do Colono<\/span><br \/>\n<\/dd><\/dl><dl class=\"gallery-item\">\n<dt class=\"gallery-icon\">\r\n<a href=\"https:\/\/pousadadompedro.com.br\/pousada\/wp-content\/uploads\/2020\/12\/casa-santos-dumont.jpg\" title=\"\" rel=\"gallery1\" data-rel=\"lightbox-image-2\" data-rl_title=\"\" data-rl_caption=\"\"><img loading=\"lazy\" decoding=\"async\" src=\"https:\/\/pousadadompedro.com.br\/pousada\/wp-content\/uploads\/2020\/12\/casa-santos-dumont-150x150.jpg\" width=\"150\" height=\"150\" alt=\"Casa Santos Dumont\" \/><\/a>\r\n<\/dt><dd class=\"gallery-caption\" id=\"caption1187\"><span class=\"imagecaption\">Casa Santos Dumont<\/span><br \/>\n<span class=\"imagedescription\">Casa Santos Dumont<\/span><br \/>\n<\/dd><\/dl><br style=\"clear: both\" \/><dl class=\"gallery-item\">\n<dt class=\"gallery-icon\">\r\n<a href=\"https:\/\/pousadadompedro.com.br\/pousada\/wp-content\/uploads\/2020\/12\/Casa_Ipiranga.jpg\" title=\"\" rel=\"gallery1\" data-rel=\"lightbox-image-3\" data-rl_title=\"\" data-rl_caption=\"\"><img loading=\"lazy\" decoding=\"async\" src=\"https:\/\/pousadadompedro.com.br\/pousada\/wp-content\/uploads\/2020\/12\/Casa_Ipiranga-150x150.jpg\" width=\"150\" height=\"150\" alt=\"Casa Rua Ipiranga\" \/><\/a>\r\n<\/dt><dd class=\"gallery-caption\" id=\"caption1188\"><span class=\"imagecaption\">Casa Rua Ipiranga<\/span><br \/>\n<span class=\"imagedescription\">Casa Rua Ipiranga<\/span><br \/>\n<\/dd><\/dl><dl class=\"gallery-item\">\n<dt class=\"gallery-icon\">\r\n<a href=\"https:\/\/pousadadompedro.com.br\/pousada\/wp-content\/uploads\/2020\/12\/catedral.jpg\" title=\"\" rel=\"gallery1\" data-rel=\"lightbox-image-4\" data-rl_title=\"\" data-rl_caption=\"\"><img loading=\"lazy\" decoding=\"async\" src=\"https:\/\/pousadadompedro.com.br\/pousada\/wp-content\/uploads\/2020\/12\/catedral-150x150.jpg\" width=\"150\" height=\"150\" alt=\"Catedral de Petr\u00f3polis\" \/><\/a>\r\n<\/dt><dd class=\"gallery-caption\" id=\"caption1189\"><span class=\"imagecaption\">Catedral de Petr\u00f3polis<\/span><br \/>\n<span class=\"imagedescription\">Catedral de Petr\u00f3polis<\/span><br \/>\n<\/dd><\/dl><dl class=\"gallery-item\">\n<dt class=\"gallery-icon\">\r\n<a href=\"https:\/\/pousadadompedro.com.br\/pousada\/wp-content\/uploads\/2020\/12\/centro-cultura.jpg\" title=\"\" rel=\"gallery1\" data-rel=\"lightbox-image-5\" data-rl_title=\"\" data-rl_caption=\"\"><img loading=\"lazy\" decoding=\"async\" src=\"https:\/\/pousadadompedro.com.br\/pousada\/wp-content\/uploads\/2020\/12\/centro-cultura-150x150.jpg\" width=\"150\" height=\"150\" alt=\"Centro Cultura Djanira\" \/><\/a>\r\n<\/dt><dd class=\"gallery-caption\" id=\"caption1190\"><span class=\"imagecaption\">Centro Cultura Djanira<\/span><br \/>\n<span class=\"imagedescription\">Centro Cultura Djanira<\/span><br \/>\n<\/dd><\/dl><br style=\"clear: both\" \/><dl class=\"gallery-item\">\n<dt class=\"gallery-icon\">\r\n<a href=\"https:\/\/pousadadompedro.com.br\/pousada\/wp-content\/uploads\/2020\/12\/cervejaria-bohemia.jpg\" title=\"\" rel=\"gallery1\" data-rel=\"lightbox-image-6\" data-rl_title=\"\" data-rl_caption=\"\"><img loading=\"lazy\" decoding=\"async\" src=\"https:\/\/pousadadompedro.com.br\/pousada\/wp-content\/uploads\/2020\/12\/cervejaria-bohemia-150x150.jpg\" width=\"150\" height=\"150\" alt=\"Cervejaria Bohemia\" \/><\/a>\r\n<\/dt><dd class=\"gallery-caption\" id=\"caption1191\"><span class=\"imagecaption\">Cervejaria Bohemia<\/span><br \/>\n<span class=\"imagedescription\">Cervejaria Bohemia<\/span><br \/>\n<\/dd><\/dl><dl class=\"gallery-item\">\n<dt class=\"gallery-icon\">\r\n<a href=\"https:\/\/pousadadompedro.com.br\/pousada\/wp-content\/uploads\/2020\/12\/luterana.jpg\" title=\"\" rel=\"gallery1\" data-rel=\"lightbox-image-7\" data-rl_title=\"\" data-rl_caption=\"\"><img loading=\"lazy\" decoding=\"async\" src=\"https:\/\/pousadadompedro.com.br\/pousada\/wp-content\/uploads\/2020\/12\/luterana-150x150.jpg\" width=\"150\" height=\"150\" alt=\"Igreja Luterana\" \/><\/a>\r\n<\/dt><dd class=\"gallery-caption\" id=\"caption1192\"><span class=\"imagecaption\">Igreja Luterana<\/span><br \/>\n<span class=\"imagedescription\">Igreja Luterana<\/span><br \/>\n<\/dd><\/dl><dl class=\"gallery-item\">\n<dt class=\"gallery-icon\">\r\n<a href=\"https:\/\/pousadadompedro.com.br\/pousada\/wp-content\/uploads\/2020\/12\/museu.jpg\" title=\"\" rel=\"gallery1\" data-rel=\"lightbox-image-8\" data-rl_title=\"\" data-rl_caption=\"\"><img loading=\"lazy\" decoding=\"async\" src=\"https:\/\/pousadadompedro.com.br\/pousada\/wp-content\/uploads\/2020\/12\/museu-150x150.jpg\" width=\"150\" height=\"150\" alt=\"Museu Imperial\" \/><\/a>\r\n<\/dt><dd class=\"gallery-caption\" id=\"caption1193\"><span class=\"imagecaption\">Museu Imperial<\/span><br \/>\n<span class=\"imagedescription\">Museu Imperial<\/span><br \/>\n<\/dd><\/dl><br style=\"clear: both\" \/><dl class=\"gallery-item\">\n<dt class=\"gallery-icon\">\r\n<a href=\"https:\/\/pousadadompedro.com.br\/pousada\/wp-content\/uploads\/2020\/12\/palacio-de-cristal.jpg\" title=\"\" rel=\"gallery1\" data-rel=\"lightbox-image-9\" data-rl_title=\"\" data-rl_caption=\"\"><img loading=\"lazy\" decoding=\"async\" src=\"https:\/\/pousadadompedro.com.br\/pousada\/wp-content\/uploads\/2020\/12\/palacio-de-cristal-150x150.jpg\" width=\"150\" height=\"150\" alt=\"Pal\u00e1cio de Cristal\" \/><\/a>\r\n<\/dt><dd class=\"gallery-caption\" id=\"caption1194\"><span class=\"imagecaption\">Pal\u00e1cio de Cristal<\/span><br \/>\n<span class=\"imagedescription\">Pal\u00e1cio de Cristal<\/span><br \/>\n<\/dd><\/dl><dl class=\"gallery-item\">\n<dt class=\"gallery-icon\">\r\n<a href=\"https:\/\/pousadadompedro.com.br\/pousada\/wp-content\/uploads\/2020\/12\/palacio-rio-negro.jpg\" title=\"\" rel=\"gallery1\" data-rel=\"lightbox-image-10\" data-rl_title=\"\" data-rl_caption=\"\"><img loading=\"lazy\" decoding=\"async\" src=\"https:\/\/pousadadompedro.com.br\/pousada\/wp-content\/uploads\/2020\/12\/palacio-rio-negro-150x150.jpg\" width=\"150\" height=\"150\" alt=\"Pal\u00e1cio Rio Negro\" \/><\/a>\r\n<\/dt><dd class=\"gallery-caption\" id=\"caption1195\"><span class=\"imagecaption\">Pal\u00e1cio Rio Negro<\/span><br \/>\n<span class=\"imagedescription\">Pal\u00e1cio Rio Negro<\/span><br \/>\n<\/dd><\/dl><dl class=\"gallery-item\">\n<dt class=\"gallery-icon\">\r\n<a href=\"https:\/\/pousadadompedro.com.br\/pousada\/wp-content\/uploads\/2020\/12\/papacio-amarelo.jpg\" title=\"\" rel=\"gallery1\" data-rel=\"lightbox-image-11\" data-rl_title=\"\" data-rl_caption=\"\"><img loading=\"lazy\" decoding=\"async\" src=\"https:\/\/pousadadompedro.com.br\/pousada\/wp-content\/uploads\/2020\/12\/papacio-amarelo-150x150.jpg\" width=\"150\" height=\"150\" alt=\"Pal\u00e1cio Amarelo\" \/><\/a>\r\n<\/dt><dd class=\"gallery-caption\" id=\"caption1196\"><span class=\"imagecaption\">Pal\u00e1cio Amarelo<\/span><br \/>\n<span class=\"imagedescription\">Pal\u00e1cio Amarelo<\/span><br \/>\n<\/dd><\/dl><br style=\"clear: both\" \/><dl class=\"gallery-item\">\n<dt class=\"gallery-icon\">\r\n<a href=\"https:\/\/pousadadompedro.com.br\/pousada\/wp-content\/uploads\/2020\/12\/parque.jpg\" title=\"\" rel=\"gallery1\" data-rel=\"lightbox-image-12\" data-rl_title=\"\" data-rl_caption=\"\"><img loading=\"lazy\" decoding=\"async\" src=\"https:\/\/pousadadompedro.com.br\/pousada\/wp-content\/uploads\/2020\/12\/parque-150x150.jpg\" width=\"150\" height=\"150\" alt=\"Parque Cremerie\" \/><\/a>\r\n<\/dt><dd class=\"gallery-caption\" id=\"caption1197\"><span class=\"imagecaption\">Parque Cremerie<\/span><br \/>\n<span class=\"imagedescription\">Parque Cremerie<\/span><br \/>\n<\/dd><\/dl><dl class=\"gallery-item\">\n<dt class=\"gallery-icon\">\r\n<a href=\"https:\/\/pousadadompedro.com.br\/pousada\/wp-content\/uploads\/2020\/12\/quitandinha.jpg\" title=\"\" rel=\"gallery1\" data-rel=\"lightbox-image-13\" data-rl_title=\"\" data-rl_caption=\"\"><img loading=\"lazy\" decoding=\"async\" src=\"https:\/\/pousadadompedro.com.br\/pousada\/wp-content\/uploads\/2020\/12\/quitandinha-150x150.jpg\" width=\"150\" height=\"150\" alt=\"Sesc Quitandinha\" \/><\/a>\r\n<\/dt><dd class=\"gallery-caption\" id=\"caption1198\"><span class=\"imagecaption\">Sesc Quitandinha<\/span><br \/>\n<span class=\"imagedescription\">Sesc Quitandinha<\/span><br \/>\n<\/dd><\/dl><dl class=\"gallery-item\">\n<dt class=\"gallery-icon\">\r\n<a href=\"https:\/\/pousadadompedro.com.br\/pousada\/wp-content\/uploads\/2020\/12\/relogio_flores.jpg\" title=\"\" rel=\"gallery1\" data-rel=\"lightbox-image-14\" data-rl_title=\"\" data-rl_caption=\"\"><img loading=\"lazy\" decoding=\"async\" src=\"https:\/\/pousadadompedro.com.br\/pousada\/wp-content\/uploads\/2020\/12\/relogio_flores-150x150.jpg\" width=\"150\" height=\"150\" alt=\"Rel\u00f3gio das Flores\" \/><\/a>\r\n<\/dt><dd class=\"gallery-caption\" id=\"caption1199\"><span class=\"imagecaption\">Rel\u00f3gio das Flores<\/span><br \/>\n<span class=\"imagedescription\">Rel\u00f3gio das Flores<\/span><br \/>\n<\/dd><\/dl><br style=\"clear: both\" \/>\r\n\t\t<\/div>\n\n<div class=\"su-table su-table-alternate\">\n<table>\n<tbody>\n<tr>\n<td><strong>O que h\u00e1 por perto?<\/strong><\/td>\n<td><strong>Dist\u00e2ncia em KM<\/strong><\/td>\n<\/tr>\n<tr>\n<td>Pal\u00e1cio do Gr\u00e3o-Par\u00e1<\/td>\n<td>0,1 km<\/td>\n<\/tr>\n<tr>\n<td>Museu Imperial<\/td>\n<td>0,3 km<\/td>\n<\/tr>\n<tr>\n<td>Casa da Ipiranga<\/td>\n<td>0,3 km<\/td>\n<\/tr>\n<tr>\n<td>Casa de Rui Barbosa<\/td>\n<td>0,4 km<\/td>\n<\/tr>\n<tr>\n<td>Catedral de S\u00e3o Pedro de Alc\u00e2ntara<\/td>\n<td>0,6 km<\/td>\n<\/tr>\n<tr>\n<td>Casa de Imigrante<\/td>\n<td>0,7 km<\/td>\n<\/tr>\n<tr>\n<td>Pal\u00e1cio Rio Negro<\/td>\n<td>0,8 km<\/td>\n<\/tr>\n<tr>\n<td>Pra\u00e7a de Liberdade<\/td>\n<td>1 km<\/td>\n<\/tr>\n<tr>\n<td>Casa do Bar\u00e3o de Mau\u00e1<\/td>\n<td>1 km<\/td>\n<\/tr>\n<tr>\n<td>Pal\u00e1cio de Cristal<\/td>\n<td>1 km<\/td>\n<\/tr>\n<\/tbody>\n<\/table>\n<\/div>\n<p><b>Eventos em Petr\u00f3polis<\/b><\/p>\n<p>Acesse <a href=\"https:\/\/www.instagram.com\/princesaisabelpousadaehotel\/\">nosso Instagram<\/a> e fique por dentro dos pr\u00f3ximos eventos da cidade de Petr\u00f3polis!<br \/>\nOu contate-nos para receber novidades e informa\u00e7\u00f5es sobre eventos e festas do calend\u00e1rio oficial da cidade de Petr\u00f3polis:<a title=\"dompedro@pousadaprincesaisabel.com.br\" href=\"mailto:dompedro@pousadaprincesaisabel.com.br\" target=\"_blank\" rel=\"noopener\">dompedro@pousadaprincesaisabel.com.br<\/a><\/p>\n<p><strong><div class=\"social-icons\"><\/strong><br \/>\n<strong><a href=\"https:\/\/www.facebook.com\/pages\/Dom-Pedro-II-Pousada-e-Hotel\/339144689438324\" target=\"_blank\" class=\"fab fa-facebook-f\" title=\"fab fa-facebook-f\"><\/a><\/strong><br \/>\n<strong><a href=\"https:\/\/twitter.com\/#!\/PousadaDomPedro\" target=\"_blank\" class=\"fab fa-twitter\" title=\"fab fa-twitter\"><\/a><\/strong><br \/>\n<strong><a href=\"https:\/\/www.instagram.com\/princesaisabelpousadaehotel\/\" target=\"_blank\" class=\"fab fa-instagram\" title=\"fab fa-instagram\"><\/a><\/strong><br \/>\n<strong><a href=\"https:\/\/web.whatsapp.com\/send?phone=5524992263720\" target=\"_blank\" class=\"fab fa-whatsapp-in\" title=\"fab fa-whatsapp-in\"><\/a><\/strong><br \/>\n<strong><\/div><\/strong><\/p>\n","protected":false},"excerpt":{"rendered":"<p>O que fazer em Petr\u00f3polis? Com um dos melhores climas da Am\u00e9rica Latina e apenas 60km de dist\u00e2ncia do Rio de Janeiro, Petr\u00f3polis re\u00fane natureza exuberante e precioso acervo cultural e hist\u00f3rico de nosso Pais, desde sua descoberta! As belezas naturais que a cidade reserva a seus visitantes, j\u00e1 se iniciam no percurso de chegada \u00e0 cidade, com as bel\u00edssimas vistas de mata Atl\u00e2ntida que se pode avistar na serra de subida, a famosa Rio x Petr\u00f3polis, uma das mais belas estradas que cortam o Rio de Janeiro. A chegada \u00e0 cidade tamb\u00e9m j\u00e1 encanta qualquer visitante: isto porque ali&#8230; <\/p>\n","protected":false},"author":1,"featured_media":0,"parent":0,"menu_order":8,"comment_status":"closed","ping_status":"closed","template":"","meta":{"footnotes":"","_links_to":"","_links_to_target":""},"class_list":["post-52","page","type-page","status-publish","hentry"],"_links":{"self":[{"href":"https:\/\/pousadadompedro.com.br\/pousada\/wp-json\/wp\/v2\/pages\/52","targetHints":{"allow":["GET"]}}],"collection":[{"href":"https:\/\/pousadadompedro.com.br\/pousada\/wp-json\/wp\/v2\/pages"}],"about":[{"href":"https:\/\/pousadadompedro.com.br\/pousada\/wp-json\/wp\/v2\/types\/page"}],"author":[{"embeddable":true,"href":"https:\/\/pousadadompedro.com.br\/pousada\/wp-json\/wp\/v2\/users\/1"}],"replies":[{"embeddable":true,"href":"https:\/\/pousadadompedro.com.br\/pousada\/wp-json\/wp\/v2\/comments?post=52"}],"version-history":[{"count":24,"href":"https:\/\/pousadadompedro.com.br\/pousada\/wp-json\/wp\/v2\/pages\/52\/revisions"}],"predecessor-version":[{"id":1355,"href":"https:\/\/pousadadompedro.com.br\/pousada\/wp-json\/wp\/v2\/pages\/52\/revisions\/1355"}],"wp:attachment":[{"href":"https:\/\/pousadadompedro.com.br\/pousada\/wp-json\/wp\/v2\/media?parent=52"}],"curies":[{"name":"wp","href":"https:\/\/api.w.org\/{rel}","templated":true}]}}