{"id":633,"date":"2012-05-11T12:32:21","date_gmt":"2012-05-11T15:32:21","guid":{"rendered":"https:\/\/pousadadompedro.com.br\/pousada\/?page_id=633"},"modified":"2020-12-16T12:22:41","modified_gmt":"2020-12-16T15:22:41","slug":"opinioes-de-clientes","status":"publish","type":"page","link":"https:\/\/pousadadompedro.com.br\/pousada\/a-pousada\/opinioes-de-clientes\/","title":{"rendered":"Opini\u00f5es de Clientes"},"content":{"rendered":"<p><strong>Conhe\u00e7a abaixo a opini\u00e3o de quem j\u00e1 se hospedou Na Pousada Princesa Isabel Dom Pedro<\/strong><br \/>\nJ\u00e1 esteve na Pousada Princesa Isabel Dom Pedro? <a title=\"ENVIE-NOS VOC\u00ca TAMB\u00c9M A SUA OPINI\u00c3O!\" href=\"https:\/\/pousadadompedro.com.br\/pousada\/?p=605\">Deixe aqui<\/a> sua opini\u00e3o e sugest\u00f5es para a <a href=\"https:\/\/pousadadompedro.com.br\/pousada\" target=\"_blank\" rel=\"noopener\">Pousada Princesa Isabel &#8211; Dom Pedro,\u00a0 Petr\u00f3polis, RJ.<\/a><\/p>\n<div class=\"su-note\"  style=\"border-color:#6e4b00;border-radius:3px;-moz-border-radius:3px;-webkit-border-radius:3px;\"><div class=\"su-note-inner su-u-clearfix su-u-trim\" style=\"background-color:#886518;border-color:#ffffe4;color:#333333;border-radius:3px;-moz-border-radius:3px;-webkit-border-radius:3px;\">\n<div id=\"clienttestiminials\"><div class=\"owl-carousel\">\t\t\t     \r\n\t\t\t\t  <div class=\"item\">\t\t\t\t\r\n\t\t\t\t <p>Tudo perfeito, caf\u00e9 da manh\u00e3, quartos, localiza\u00e7\u00e3o. Al\u00e9m de ter tamb\u00e9m uma mesa de sinuca show de bola. Parab\u00e9ns.<\/p>\n\t\t\t\t\t\r\n\t\t\t\t\t <div class=\"tmthumb\"><img decoding=\"async\" src=\"https:\/\/pousadadompedro.com.br\/pousada\/wp-content\/themes\/fitness-club-pro\/images\/img_404.png\" alt=\" \" \/><\/div>\r\n\t\t\t\t\t <h6>Tudo perfeito<\/h6>\t\r\n\t\t\t\t\t <span>Carlos<\/span>\r\n\t\t\t\t<\/div>\t\t\t     \r\n\t\t\t\t  <div class=\"item\">\t\t\t\t\r\n\t\t\t\t <p>No geral gostei do hotel. Bem cuidado e limpo. Equipe excelente. Cafe da manha muito bom.<\/p>\n\t\t\t\t\t\r\n\t\t\t\t\t <div class=\"tmthumb\"><img decoding=\"async\" src=\"https:\/\/pousadadompedro.com.br\/pousada\/wp-content\/themes\/fitness-club-pro\/images\/img_404.png\" alt=\" \" \/><\/div>\r\n\t\t\t\t\t <h6>Caf\u00e9 da manh\u00e3 muito bom<\/h6>\t\r\n\t\t\t\t\t <span><\/span>\r\n\t\t\t\t<\/div>\t\t\t     \r\n\t\t\t\t  <div class=\"item\">\t\t\t\t\r\n\t\t\t\t <p>Atendimento \u00f3timo, localiza\u00e7\u00e3o, tudo excelente, Fant\u00e1stico.<\/p>\n\t\t\t\t\t\r\n\t\t\t\t\t <div class=\"tmthumb\"><img decoding=\"async\" src=\"https:\/\/pousadadompedro.com.br\/pousada\/wp-content\/themes\/fitness-club-pro\/images\/img_404.png\" alt=\" \" \/><\/div>\r\n\t\t\t\t\t <h6>Fant\u00e1stico.<\/h6>\t\r\n\t\t\t\t\t <span>Edson<\/span>\r\n\t\t\t\t<\/div>\t\t\t     \r\n\t\t\t\t  <div class=\"item\">\t\t\t\t\r\n\t\t\t\t <p>Atendimento e disposi\u00e7\u00e3o dos recepcionistas foram mto bons!! Acomoda\u00e7\u00e3o bem aconchegante e limpa! Localiza\u00e7\u00e3o muito tranquila!<\/p>\n\t\t\t\t\t\r\n\t\t\t\t\t <div class=\"tmthumb\"><img decoding=\"async\" src=\"https:\/\/pousadadompedro.com.br\/pousada\/wp-content\/themes\/fitness-club-pro\/images\/img_404.png\" alt=\" \" \/><\/div>\r\n\t\t\t\t\t <h6>Aconchegante e limpa<\/h6>\t\r\n\t\t\t\t\t <span>Felipe<\/span>\r\n\t\t\t\t<\/div>\t\t\t     \r\n\t\t\t\t  <div class=\"item\">\t\t\t\t\r\n\t\t\t\t <p>Ambiente acolhedor, mesmo em pandemia conseguimos relaxar e recuperar as energias. Os funcion\u00e1rios foram bem atenciosos, todos utilizavam m\u00e1scara e limpeza impec\u00e1vel.<\/p>\n\t\t\t\t\t\r\n\t\t\t\t\t <div class=\"tmthumb\"><img decoding=\"async\" src=\"https:\/\/pousadadompedro.com.br\/pousada\/wp-content\/themes\/fitness-club-pro\/images\/img_404.png\" alt=\" \" \/><\/div>\r\n\t\t\t\t\t <h6>M\u00e1scaras e limpeza impec\u00e1vel.<\/h6>\t\r\n\t\t\t\t\t <span>Andresa<\/span>\r\n\t\t\t\t<\/div>\t\t\t     \r\n\t\t\t\t  <div class=\"item\">\t\t\t\t\r\n\t\t\t\t <p>Excelente localiza\u00e7\u00e3o! D\u00e1 p conhecer quase todos os pontos tur\u00edsticos a p\u00e9.<\/p>\n\t\t\t\t\t\r\n\t\t\t\t\t <div class=\"tmthumb\"><img decoding=\"async\" src=\"https:\/\/pousadadompedro.com.br\/pousada\/wp-content\/themes\/fitness-club-pro\/images\/img_404.png\" alt=\" \" \/><\/div>\r\n\t\t\t\t\t <h6>Excelente localiza\u00e7\u00e3o<\/h6>\t\r\n\t\t\t\t\t <span>Ju<\/span>\r\n\t\t\t\t<\/div>\t\t\t     \r\n\t\t\t\t  <div class=\"item\">\t\t\t\t\r\n\t\t\t\t <p>A localiza\u00e7\u00e3o e o atendimento. Foi tudo \u00f3timo. Caf\u00e9 da manh\u00e3 maravilhoso. Eu recomendo<\/p>\n\t\t\t\t\t\r\n\t\t\t\t\t <div class=\"tmthumb\"><img decoding=\"async\" src=\"https:\/\/pousadadompedro.com.br\/pousada\/wp-content\/themes\/fitness-club-pro\/images\/img_404.png\" alt=\" \" \/><\/div>\r\n\t\t\t\t\t <h6>Foi tudo maravilhoso. Eu recomendo.<\/h6>\t\r\n\t\t\t\t\t <span>Vanessa<\/span>\r\n\t\t\t\t<\/div>\t\t\t     \r\n\t\t\t\t  <div class=\"item\">\t\t\t\t\r\n\t\t\t\t <p>Localiza\u00e7\u00e3o \u00f3tima. Fizemos tudo a p\u00e9. O caf\u00e9 da manh\u00e3 tamb\u00e9m \u00e9 muito bom e bem organizado, para evitar aglomera\u00e7\u00f5es. Recepcionistas muito atenciosos e prestativos.<\/p>\n\t\t\t\t\t\r\n\t\t\t\t\t <div class=\"tmthumb\"><img decoding=\"async\" src=\"https:\/\/pousadadompedro.com.br\/pousada\/wp-content\/themes\/fitness-club-pro\/images\/img_404.png\" alt=\" \" \/><\/div>\r\n\t\t\t\t\t <h6>Fant\u00e1stico<\/h6>\t\r\n\t\t\t\t\t <span>Mayra<\/span>\r\n\t\t\t\t<\/div>\t\t\t     \r\n\t\t\t\t  <div class=\"item\">\t\t\t\t\r\n\t\t\t\t <p>\u00d3tima pousada! Adorei!<\/p>\n\t\t\t\t\t\r\n\t\t\t\t\t <div class=\"tmthumb\"><img decoding=\"async\" src=\"https:\/\/pousadadompedro.com.br\/pousada\/wp-content\/themes\/fitness-club-pro\/images\/img_404.png\" alt=\" \" \/><\/div>\r\n\t\t\t\t\t <h6>\u00d3tima pousada<\/h6>\t\r\n\t\t\t\t\t <span>Elaine<\/span>\r\n\t\t\t\t<\/div>\t\t\t     \r\n\t\t\t\t  <div class=\"item\">\t\t\t\t\r\n\t\t\t\t <p>Hotel bem localizado e com funcion\u00e1rios atenciosos. Caf\u00e9 da manh\u00e3 bem servido respeitando as normas de seguran\u00e7a. J\u00e1 indiquei para amigos.<\/p>\n\t\t\t\t\t\r\n\t\t\t\t\t <div class=\"tmthumb\"><img decoding=\"async\" src=\"https:\/\/pousadadompedro.com.br\/pousada\/wp-content\/themes\/fitness-club-pro\/images\/img_404.png\" alt=\" \" \/><\/div>\r\n\t\t\t\t\t <h6>Excepcional<\/h6>\t\r\n\t\t\t\t\t <span>Val\u00e9ria<\/span>\r\n\t\t\t\t<\/div>\t\t\t     \r\n\t\t\t\t  <div class=\"item\">\t\t\t\t\r\n\t\t\t\t <p>Gostamos das acomoda\u00e7\u00f5es, por inteiro, caf\u00e9 da manh\u00e3, era excelente, parab\u00e9ns aos respons\u00e1veis.<\/p>\n\t\t\t\t\t\r\n\t\t\t\t\t <div class=\"tmthumb\"><img decoding=\"async\" src=\"https:\/\/pousadadompedro.com.br\/pousada\/wp-content\/themes\/fitness-club-pro\/images\/img_404.png\" alt=\" \" \/><\/div>\r\n\t\t\t\t\t <h6>Parab\u00e9ns aos respons\u00e1veis<\/h6>\t\r\n\t\t\t\t\t <span>Ana<\/span>\r\n\t\t\t\t<\/div>\t\t\t     \r\n\t\t\t\t  <div class=\"item\">\t\t\t\t\r\n\t\t\t\t <p>Excelente localiza\u00e7\u00e3o para quem quer caminhar pelo centro hist\u00f3rico. Equipe super cordial, cama muito confort\u00e1vel, caf\u00e9 delicioso diversificado e muito organizado em tempos de pandemia. Excelente custo x benef\u00edcio.<\/p>\n\t\t\t\t\t\r\n\t\t\t\t\t <div class=\"tmthumb\"><img decoding=\"async\" src=\"https:\/\/pousadadompedro.com.br\/pousada\/wp-content\/themes\/fitness-club-pro\/images\/img_404.png\" alt=\" \" \/><\/div>\r\n\t\t\t\t\t <h6>Me surpreendeu<\/h6>\t\r\n\t\t\t\t\t <span>Luanda<\/span>\r\n\t\t\t\t<\/div>\t\t\t     \r\n\t\t\t\t  <div class=\"item\">\t\t\t\t\r\n\t\t\t\t <p>Boa receptividade. Excelente caf\u00e9 da manh\u00e3.<\/p>\n\t\t\t\t\t\r\n\t\t\t\t\t <div class=\"tmthumb\"><img decoding=\"async\" src=\"https:\/\/pousadadompedro.com.br\/pousada\/wp-content\/themes\/fitness-club-pro\/images\/img_404.png\" alt=\" \" \/><\/div>\r\n\t\t\t\t\t <h6>\u00d3timo final de semana.<\/h6>\t\r\n\t\t\t\t\t <span>Andr\u00e9<\/span>\r\n\t\t\t\t<\/div>\t\t\t     \r\n\t\t\t\t  <div class=\"item\">\t\t\t\t\r\n\t\t\t\t <p>Local muito bonito e confort\u00e1vel. Voltaria de novo sem d\u00favidas! Os funcion\u00e1rios super atenciosos e o caf\u00e9 da manh\u00e3 \u00e9 uma del\u00edcia.<\/p>\n\t\t\t\t\t\r\n\t\t\t\t\t <div class=\"tmthumb\"><img decoding=\"async\" src=\"https:\/\/pousadadompedro.com.br\/pousada\/wp-content\/themes\/fitness-club-pro\/images\/img_404.png\" alt=\" \" \/><\/div>\r\n\t\t\t\t\t <h6>Voltaria de novo sem d\u00favidas<\/h6>\t\r\n\t\t\t\t\t <span>Mylena<\/span>\r\n\t\t\t\t<\/div>\t\t\t     \r\n\t\t\t\t  <div class=\"item\">\t\t\t\t\r\n\t\t\t\t <p>Localiza\u00e7\u00e3o. \u00c1gua quente do chuveiro. Estacionamento. Funcion\u00e1rios extremamente atenciosos. Caf\u00e9 da manh\u00e3 simples por\u00e9m saboroso.<\/p>\n\t\t\t\t\t\r\n\t\t\t\t\t <div class=\"tmthumb\"><img decoding=\"async\" src=\"https:\/\/pousadadompedro.com.br\/pousada\/wp-content\/themes\/fitness-club-pro\/images\/img_404.png\" alt=\" \" \/><\/div>\r\n\t\t\t\t\t <h6>Bom custo-benef\u00edcio<\/h6>\t\r\n\t\t\t\t\t <span>Soraya<\/span>\r\n\t\t\t\t<\/div>\t\t\t     \r\n\t\t\t\t  <div class=\"item\">\t\t\t\t\r\n\t\t\t\t <p>Muito gostoso e o melhor dentro do protocolo contra o COVID-19. A nossa estadia foi prazerosa, a pousada \u00e9 nota 10!<\/p>\n\t\t\t\t\t\r\n\t\t\t\t\t <div class=\"tmthumb\"><img decoding=\"async\" src=\"https:\/\/pousadadompedro.com.br\/pousada\/wp-content\/themes\/fitness-club-pro\/images\/img_404.png\" alt=\" \" \/><\/div>\r\n\t\t\t\t\t <h6>Foi muito bom<\/h6>\t\r\n\t\t\t\t\t <span>Diniz<\/span>\r\n\t\t\t\t<\/div>\t\t\t     \r\n\t\t\t\t  <div class=\"item\">\t\t\t\t\r\n\t\t\t\t <p>Parab\u00e9ns, gostamos de praticamente tudo da Pousada\/Hotel, com destaque para os funcion\u00e1rios.<\/p>\n\t\t\t\t\t\r\n\t\t\t\t\t <div class=\"tmthumb\"><img decoding=\"async\" src=\"https:\/\/pousadadompedro.com.br\/pousada\/wp-content\/themes\/fitness-club-pro\/images\/img_404.png\" alt=\" \" \/><\/div>\r\n\t\t\t\t\t <h6>Parab\u00e9ns, gostamos de tudo<\/h6>\t\r\n\t\t\t\t\t <span>Orlando<\/span>\r\n\t\t\t\t<\/div>\t\t\t     \r\n\t\t\t\t  <div class=\"item\">\t\t\t\t\r\n\t\t\t\t <p>Eu e minha fam\u00edlia gostamos demais da pousada hotel\u2026maravilhosa!!! Cumpre perfeitamente bem com tudo que se prop\u00f5e: atendimento, servi\u00e7os, limpeza, restaurante, caf\u00e9 da manh\u00e3, localiza\u00e7\u00e3o\u2026tudo perfeito! Parab\u00e9ns a toda&#8230;<\/p>\n\t\t\t\t\t\r\n\t\t\t\t\t <div class=\"tmthumb\"><img decoding=\"async\" src=\"https:\/\/pousadadompedro.com.br\/pousada\/wp-content\/themes\/fitness-club-pro\/images\/img_404.png\" alt=\" \" \/><\/div>\r\n\t\t\t\t\t <h6>Tudo Perfeito<\/h6>\t\r\n\t\t\t\t\t <span>Fatima Ferreirinha<\/span>\r\n\t\t\t\t<\/div>\t\t\t     \r\n\t\t\t\t  <div class=\"item\">\t\t\t\t\r\n\t\t\t\t <p>Pousada muito bem localizada, \u00f3timo atendimento sempre solicito a qualquer coisa! Quarto com varanda muito confort\u00e1vel, limpeza impec\u00e1vel e caf\u00e9 da manh\u00e3 muito bem servido.<\/p>\n\t\t\t\t\t\r\n\t\t\t\t\t <div class=\"tmthumb\"><img decoding=\"async\" src=\"https:\/\/pousadadompedro.com.br\/pousada\/wp-content\/themes\/fitness-club-pro\/images\/img_404.png\" alt=\" \" \/><\/div>\r\n\t\t\t\t\t <h6>Muito bem localizada<\/h6>\t\r\n\t\t\t\t\t <span>Danilo Neves <\/span>\r\n\t\t\t\t<\/div>\t\t\t     \r\n\t\t\t\t  <div class=\"item\">\t\t\t\t\r\n\t\t\t\t <p>Sempre quando vou a Petr\u00f3polis me hospedo nesta pousada, pois a organiza\u00e7\u00e3o, a limpeza e o respeito dos seus funcion\u00e1rios para conosco \u00e9 espetacular. Recomendo a todos.<\/p>\n\t\t\t\t\t\r\n\t\t\t\t\t <div class=\"tmthumb\"><img decoding=\"async\" src=\"https:\/\/pousadadompedro.com.br\/pousada\/wp-content\/themes\/fitness-club-pro\/images\/img_404.png\" alt=\" \" \/><\/div>\r\n\t\t\t\t\t <h6>Espetacular<\/h6>\t\r\n\t\t\t\t\t <span>Carla<\/span>\r\n\t\t\t\t<\/div>\t\t\t     \r\n\t\t\t\t  <div class=\"item\">\t\t\t\t\r\n\t\t\t\t <p>Gostaria de parabenizar a Ger\u00eancia e toda a Equipe do Princesa Isabel. Eu e meu esposo chegamos ontem \u00e1 Petr\u00f3polis para comemorarmos 20 anos de casados, fiquei muito triste&#8230;<\/p>\n\t\t\t\t\t\r\n\t\t\t\t\t <div class=\"tmthumb\"><img decoding=\"async\" src=\"https:\/\/pousadadompedro.com.br\/pousada\/wp-content\/themes\/fitness-club-pro\/images\/img_404.png\" alt=\" \" \/><\/div>\r\n\t\t\t\t\t <h6>Super recomendo<\/h6>\t\r\n\t\t\t\t\t <span>Alice Figueirede<\/span>\r\n\t\t\t\t<\/div><\/div><\/div>\n<\/div><\/div>\n<p>&nbsp;<\/p>\n","protected":false},"excerpt":{"rendered":"<p>Conhe\u00e7a abaixo a opini\u00e3o de quem j\u00e1 se hospedou Na Pousada Princesa Isabel Dom Pedro J\u00e1 esteve na Pousada Princesa Isabel Dom Pedro? Deixe aqui sua opini\u00e3o e sugest\u00f5es para a Pousada Princesa Isabel &#8211; Dom Pedro,\u00a0 Petr\u00f3polis, RJ. &nbsp;<\/p>\n","protected":false},"author":1,"featured_media":0,"parent":37,"menu_order":5,"comment_status":"closed","ping_status":"closed","template":"","meta":{"footnotes":"","_links_to":"","_links_to_target":""},"class_list":["post-633","page","type-page","status-publish","hentry"],"_links":{"self":[{"href":"https:\/\/pousadadompedro.com.br\/pousada\/wp-json\/wp\/v2\/pages\/633","targetHints":{"allow":["GET"]}}],"collection":[{"href":"https:\/\/pousadadompedro.com.br\/pousada\/wp-json\/wp\/v2\/pages"}],"about":[{"href":"https:\/\/pousadadompedro.com.br\/pousada\/wp-json\/wp\/v2\/types\/page"}],"author":[{"embeddable":true,"href":"https:\/\/pousadadompedro.com.br\/pousada\/wp-json\/wp\/v2\/users\/1"}],"replies":[{"embeddable":true,"href":"https:\/\/pousadadompedro.com.br\/pousada\/wp-json\/wp\/v2\/comments?post=633"}],"version-history":[{"count":14,"href":"https:\/\/pousadadompedro.com.br\/pousada\/wp-json\/wp\/v2\/pages\/633\/revisions"}],"predecessor-version":[{"id":1352,"href":"https:\/\/pousadadompedro.com.br\/pousada\/wp-json\/wp\/v2\/pages\/633\/revisions\/1352"}],"up":[{"embeddable":true,"href":"https:\/\/pousadadompedro.com.br\/pousada\/wp-json\/wp\/v2\/pages\/37"}],"wp:attachment":[{"href":"https:\/\/pousadadompedro.com.br\/pousada\/wp-json\/wp\/v2\/media?parent=633"}],"curies":[{"name":"wp","href":"https:\/\/api.w.org\/{rel}","templated":true}]}}